 l be (1/h)/((-1)/4). Let t(j) = 9*j**2. Give t(l).
9
Let y be 45/5 + (-1 - 0). Suppose -3*j = -y - 7. Let x(g) = -g - 1. Let n(v) = -v + 1. Let d(u) = -2*n(u) + x(u). Calculate d(j).
2
Let h(r) = 15*r - 15. Let i(g) = -g + 1. Let v(x) = 2*h(x) + 33*i(x). Suppose -46*f - 65 = 73. Calculate v(f).
12
Let c(j) be the third derivative of j**6/120 + j**5/12 - j**3/6 + 8*j**2. What is c(-5)?
-1
Let x(y) = -y**2. Suppose 4*p - 10 = -4*w + 3*p, -4*w + 2*p + 4 = 0. Calculate x(w).
-4
Let p(n) = -n**2 - 5*n. Let h = 15 - 18. What is p(h)?
6
Let k = -3 - -7. Let h(i) be the first derivative of i**3/3 - i**2/2 - 5*i + 4. Calculate h(k).
7
Let o(z) = -2*z + 3. Let c(k) = -k**3 + 8*k**2 - 4*k - 24. Let s be c(7). Give o(s).
9
Let u(b) be the second derivative of b**4/12 + b**3 + b. Let f = 120 + -126. Calculate u(f).
0
Let k(b) = b**2 + 9*b + 1. Let s be (-4)/(-6)*(-120)/10. What is k(s)?
-7
Let g(z) be the second derivative of -z**5/20 - z**4/12 + z**3/3 - 3*z**2/2 + 37*z. Determine g(-3).
9
Let l(c) = c**3 - c**2 - 2*c + 2. Let u be l(2). Suppose 3*y = 5*r + 10 - u, 8 = -y - r. Let s(b) = -4 - 2*b - b + 4*b. Calculate s(y).
-8
Let t(z) = -13*z**2 + 1. Suppose 2*r = 3*r + 1, -4*i + 32 = 4*r. Suppose 7*q - i*q = 2. What is t(q)?
-12
Let s(z) = z**3 - 5*z**2 + 5*z - 1. Let c be s(4). Suppose 7*q - c*q = 8. Let f(h) be the first derivative of h**4/4 - h**3 + h**2/2 - h + 1. What is f(q)?
-3
Let d(u) = -4*u**3 + u**2 - u. Let a = 1 - 7. Let l = 7 + a. Determine d(l).
-4
Let x(k) be the third derivative of 0*k - 1/40*k**5 + k**2 + 1/6*k**4 + 0 - 1/6*k**3. Let w(b) be the first derivative of x(b). Give w(3).
-5
Let z(y) = 11 - 3 + 7*y - 3*y - 3*y. Let k = -13 - -8. Determine z(k).
3
Suppose -2*p + 15 = 7. Suppose -3*z - v + 1 = -p*z, 2*z + 5*v = 19. Let h(m) = -2*m**3 + m**2 + 2*m - 1. What is h(z)?
-9
Let f(s) = s**3 - 4*s**2 - 2*s + 2. Suppose -2*h - 3*h + 45 = 5*k, -3*h = 5*k - 35. What is f(k)?
-6
Let z(j) = j**3 - 10*j**2 - 5. Let g(d) be the first derivative of 2*d**3/3 + 3*d**2/2 + d - 4. Let t be g(-3). Let l be z(t). Let b(x) = -x - 4. What is b(l)?
1
Suppose 4*p = 2*w + 2 + 18, 0 = 3*p - 2*w - 17. Let u(v) be the second derivative of -3/2*v**2 + 0 + v - 2/3*v**p. Determine u(-3).
9
Let z(s) = -s + 6. Let m(b) = 5*b - 24. Let v = 1 + 8. Let a(g) = v*z(g) + 2*m(g). Determine a(0).
6
Let q = 11 + -9. Let m(b) be the second derivative of b**4/4 + b**3/3 - b**2 - 5*b. Give m(q).
14
Let o(s) = s**3 - 2*s**2 - 3*s - 6. Let i(a) = -a**3 + 2*a**2 + 4*a + 7. Let b(t) = -5*i(t) - 6*o(t). Suppose 1 + 1 = v. Calculate b(v).
-3
Suppose 3*f - 8 - 4 = 0. Let h(p) be the third derivative of 0 + 2*p**2 + 0*p - 5/6*p**3 + 1/24*p**4. Give h(f).
-1
Let h(b) = 9*b**2 + 3*b + 2. Let j(x) = 14*x**2 + 4*x + 3. Let c(m) = -8*h(m) + 5*j(m). Give c(-3).
-7
Let a(h) be the first derivative of 1/2*h**2 + 2 + 1/60*h**5 - 1/3*h**3 + 0*h**4 + 0*h. Let l(w) be the second derivative of a(w). Give l(2).
2
Let n(c) = 6*c**2 + 3*c. Let p be -9*((-2)/2 - -2). Let o(a) = 10*a**2 - 6*a**2 + 9*a**2 + 7*a. Let d(h) = p*n(h) + 4*o(h). What is d(-2)?
-10
Let h(y) = 9*y**2 - 6*y + 5. Let i(c) = 18*c**2 - 11*c + 9. Let x(l) = 11*h(l) - 6*i(l). Calculate x(1).
-8
Let p(a) = -4*a - 3*a + 6*a + 0*a. What is p(-1)?
1
Let i(n) = 0*n**2 + 0*n + 2 + 4*n**2 + n**3 + 3*n + 0*n**2. Give i(-2).
4
Let x be -6*2/(-4) - 1. Let l = 20 - 19. Let s(r) = -r + x*r + 1 + l - 2*r. Give s(-5).
7
Let a(p) = -2*p**3 - 5*p**2 + 4*p - 9. Let z(k) = k**3 + 5*k**2 - 5*k + 8. Let d(f) = -2*a(f) - 3*z(f). Calculate d(4).
6
Let v(a) = a + 3. Let g = 22 - 19. Give v(g).
6
Let r(o) = -o**2 - 2*o - 6. Let b(t) = -t - 1. Suppose 3 = -g + 2. Let c(y) = g*r(y) + 6*b(y). Let v be 3*3*1/3. Calculate c(v).
-3
Let t(x) = x - 5. Let a be (1 - 27/6)*2. Let l = a - -10. Give t(l).
-2
Suppose 14*w - 10*w = 20. Let d(j) = 5*j - 5. What is d(w)?
20
Let f(k) = 3*k**3 + k**2 + k. Let v be (2 - 2 - 8) + 1. Let d = v + 6. Determine f(d).
-3
Suppose 0*m - 2*m - 10 = 0. Let c(v) = 0*v**3 + 0*v**2 - 2*v + 5*v**2 + v**3 - 6. Calculate c(m).
4
Suppose -9 = -f + 2*s, -9 = -3*f + s - 4*s. Let b(t) = 1 + 0*t**2 + t**2 + 2*t - f + 8. Calculate b(-3).
7
Let o(c) = 2*c**2 + 9*c + 2. Let l(k) = 5*k**2 + 19*k + 5. Let t(g) = 4*l(g) - 9*o(g). Determine t(3).
5
Let c(d) = -d - 8. Let f be (-1)/(3/84*4). Give c(f).
-1
Let j(c) = -4*c + 5. Let f(k) = 21*k - 26. Let a(r) = 2*f(r) + 11*j(r). Suppose -2*i - 9 = i. What is a(i)?
9
Let o be 0 - (0 - 10)/2. Suppose -m + o = -2*d, -20 = -4*m + 2*d - 3*d. Let r(f) = -f**2 - 3 + 0 - f + 5*f + 0*f. Calculate r(m).
-8
Let g(i) = 3*i**3 + i. Suppose 2*k - 14 = -f, -5*k - 4 + 42 = 3*f. Let a be 1/3 - (-15)/9. Suppose -f = -a*d - o, -d - 3*o = -7*o + 15. Determine g(d).
4
Let a(f) be the second derivative of -f**4/3 + f**3/6 + f**2/2 - f. Suppose 7*p - 12*p - 23 = -2*h, h - 19 = 4*p. Determine a(h).
-4
Let l = 0 + 1. Let m be (-8)/4*l/1. Let s(c) = 17*c**2 - 5 - 18*c**2 + 3. Give s(m).
-6
Let k(p) = -p**2 + 4*p + 4. Suppose -4*g + 13 + 27 = 0. Let x = g + -5. Give k(x).
-1
Suppose -t + 4 - 1 = 0. Suppose -3 = -t*a + 2*c, -2 = -2*a - c + 5*c. Let p = 3 - a. Let n(r) = -2*r - 1. Give n(p).
-5
Let b(t) = -t**3 + 6*t**2 - 3*t - 5. Let v be b(4). Suppose -4*o + v = -o. Let f(q) = -q + 2. Let z be f(o). Let g(y) = 5*y + 3. Give g(z).
-12
Let w(a) = -a. Let g be w(-4). Let t(n) be the third derivative of 0*n + 0 - 5/6*n**3 + 1/8*n**4 - 2*n**2. Give t(g).
7
Let q(s) = 5 + 1 + 2*s + 3 - 5. Suppose 0 = -3*w + 3, 5*w = -2*d - 0*w + 15. Suppose -2*r = -4*a - 5 - 1, -d*r - 6 = -3*a. What is q(r)?
-2
Let u(x) = -x**2 - 4*x - 10. Let y(m) = -m**3 + m**2 + 4*m - 1. Let v be y(3). Determine u(v).
-31
Let f = 4 + -1. Let w be (12/f)/((-2)/(-1)). Let k = 1 + w. Let r(d) = d**2 - 4*d + 4. Give r(k).
1
Let g(h) = h**2 + 8*h + 1. Suppose 5*z - 35 = 10*z. Give g(z).
-6
Let a(x) = -3*x - x**2 - 12 + 0*x - 7*x. Let l be a(-8). Suppose 0 = 4*s + j + 2*j + 17, l*j = -3*s - 18. Let t(m) = -4*m - 3. Calculate t(s).
5
Let h be ((-4)/(-10))/(1/(-10)). Let l be 16/10 - h/10. Let g(z) = 2*z**2 - 4 - z - z**l - 2*z**2 - 5*z. Give g(-5).
1
Let r be 8/12 - 4/6. Let x(t) = -t**2 - 14*t + t**3 + 14*t - t. Give x(r).
0
Let p(q) be the second derivative of 0 + 1/6*q**3 + q + 0*q**2. Calculate p(3).
3
Let q(d) = -d**2 + 2. Let i(b) = -b**2 - 3*b - 1. Let j be i(-1). Suppose 2 = p + 5. Let y be j/(p/2)*-3. Determine q(y).
-2
Let s(z) = -8*z**3 + 4*z**2 + 4*z + 2. Let v(f) = 8*f**3 - 3*f**2 - 3*f - 1. Let o(g) = 2*s(g) + 3*v(g). Calculate o(1).
7
Let j(n) be the first derivative of -n**3/3 + 2*n**2 + 9*n - 22. What is j(7)?
-12
Let p(s) = 2*s**3 - 2*s**2. Let f(k) = k**3 - 3*k**2 - k. Let u(i) = -3*f(i) + 2*p(i). Suppose -2*y + y - 2 = 0. Give u(y).
6
Let j(x) = 26*x**2 - 53*x**2 - 8*x + 26*x**2 - 7. What is j(-6)?
5
Let t = 4 - 8. Let k be t/(-6) + (-8)/(-6). Let j(b) = b**3 - b**2 - 3*b + 3. Let w be j(k). Let p(m) = -6*m**3 - 2*m**2 + 2*m - 1. What is p(w)?
-7
Let g = 4 + 1. Let q(w) = w**3 - 4*w**2 - 4*w - 7. What is q(g)?
-2
Let t(v) = 2*v - 1. Let y(r) = -r. Let q(x) = t(x) + 4*y(x). Suppose 0 = -c - c + 4. What is q(c)?
-5
Let v be (1/2)/(1/10). Let w(p) = 5*p**2 - 3*p - 2. Let x(f) = -4*f**2 + 3*f + 3. Let y(o) = -3*w(o) - 4*x(o). What is y(v)?
4
Let b(i) = i**3 - 5*i**2 + 2*i + 4. Suppose -d - 5 = 4*d. Let z = 5 - d. Let m(p) = 2*p - 8. Let x be m(z). Give b(x).
-4
Let f(k) = -2*k**2 + 5*k**2 - 1 - 4*k**2 - 4*k + k. Give f(-4).
-5
Let i(f) = -53*f + 111*f - 1 - 62*f. Determine i(3).
-13
Let d(h) = 11 - 11 + h - 2*h - 7. What is d(0)?
-7
Let k(c) = c**2 + 5*c - 2. Let g(l) = l - 14. Let h be g(10). Calculate k(h).
-6
Let r(y) be the third derivative of -3*y**2 + 0*y - 1/3*y**3 + 1/12*y**4 + 0. Calculate r(-2).
-6
Let k(o) = 3*o**3 + o**2 - 1. Let f be 1 + 2 + 1 + -1. Let v(t) = 0*t**2 + t**f - 2 + 3*t**2 + 3. Let h be v(-3). Calculate k(h).
3
Let q = 16 + -21. Let p(d) = -d**2 - 5*d + 1. Calculate p(q).
1
Let w(d) = -d**2 + d + 17. Let z be w(4). Let a(v) = v**2 - 6*v - 3. Calculate a(z).
-8
Let r(f) be the third derivative of f**4/24 + f**3/3 + 2*f**2. Suppose 4*u = 3*u - 7. What is r(u)?
-5
Let c(o) = -2*o**3 - 11*o**2 + 8*o - 7. Let k(w) = 3*w**3 + 12*w**2 - 8*w + 8. Let n(s) = -4*c(s) - 3*k(s). Let z be n(7). Let q(u) = -2*u + 3. Give q(z).
9
Let y = -45